0011101001?
-1110111110101
In base 11, what is -1a914 + 5?
-1a90a
In base 15, what is -8 + -4893?
-489b
In base 4, what is 1102101 + -10?
1102031
In base 10, what is -2046449 + 4?
-2046445
In base 15, what is 12 - 30dc?
-30ca
In base 5, what is -1 - 4114300?
-4114301
In base 8, what is -5 - -22754?
22747
In base 9, what is -5 + -11818?
-11824
In base 4, what is 11 + -2013122?
-2013111
In base 3, what is -221210120 - -11?
-221210102
In base 11, what is 8608 + -6?
8602
In base 3, what is -2021110 + 1102?
-2020001
In base 11, what is -3 + 7938?
7935
In base 2, what is 11 + 10110001010011001?
10110001010011100
In base 2, what is 10000001000111100 + 11?
10000001000111111
In base 10, what is -151 - -2396?
2245
In base 2, what is -110110101101010100011 + 0?
-110110101101010100011
In base 16, what is -2887 + -c?
-2893
In base 16, what is 4 + 19729?
1972d
In base 14, what is 26048 + 3?
2604b
In base 2, what is -110 - 1001111111110001?
-1001111111110111
In base 7, what is -14141443 + -5?
-14141451
In base 13, what is -15703 - 0?
-15703
In base 3, what is -12 + -1000202112?
-1000202201
In base 10, what is 11 + -156286?
-156275
In base 8, what is 3514 + 6246?
11762
In base 14, what is 4 - 21372?
-2136c
In base 8, what is -170 - 27757?
-30147
In base 5, what is 12310144 - -13?
12310212
In base 2, what is 110001 + -100110101111011?
-100110101001010
In base 8, what is 23 - 52253?
-52230
In base 5, what is 142223 - -121?
142344
In base 14, what is 15 + -993?
-97c
In base 13, what is 59 - -281?
30a
In base 15, what is 2e7d - 3?
2e7a
In base 7, what is -250 - 42640?
-43220
In base 5, what is 1 + -12112410?
-12112404
In base 7, what is 4 - 104105?
-104101
In base 12, what is -7620 + 89?
-7553
In base 14, what is -1b02bb + 2?
-1b02b9
In base 11, what is -3929 + 180?
-3759
In base 4, what is -3 + 112313210?
112313201
In base 12, what is -521 + -4b?
-570
In base 3, what is -2000020021112 - -2?
-2000020021110
In base 8, what is 22 + 3045?
3067
In base 7, what is -100363 + 1?
-100362
In base 5, what is 12 - -1413?
1430
In base 3, what is 1012 + -120002202?
-120001120
In base 15, what is 18696 - -1?
18697
In base 4, what is -1331123312 + -2?
-1331123320
In base 16, what is -141b + -2?
-141d
In base 7, what is 3254 + 15254?
21541
In base 2, what is 11 - -10011110001000010000?
10011110001000010011
In base 14, what is -12c - -371?
243
In base 14, what is 9 + 365a?
3665
In base 5, what is 33 - -42330?
42413
In base 5, what is 10 - -2431303?
2431313
In base 13, what is -7 + -1a94b?
-1a955
In base 8, what is 30252 + -32?
30220
In base 2, what is 10101000100111011100111 - 0?
10101000100111011100111
In base 11, what is -16 + -21672a?
-216745
In base 12, what is 52316 - 1?
52315
In base 16, what is 5 - -275e?
2763
In base 4, what is 3101000 - -323?
3101323
In base 6, what is 4401 + -2245?
2112
In base 11, what is -6 + 11a20?
11a15
In base 11, what is 1 - 1882?
-1881
In base 4, what is -11 + 1131111022?
1131111011
In base 2, what is -110010010100110 - -1110?
-110010010011000
In base 6, what is -12 - -15002242?
15002230
In base 4, what is 20203 - -121?
20330
In base 10, what is -1225 + 189?
-1036
In base 10, what is 2059 - 110?
1949
In base 15, what is 1584b - -18?
15864
In base 11, what is -105a621 - 4?
-105a625
In base 6, what is 5021 + 30?
5051
In base 15, what is -65d - 29?
-687
In base 13, what is -67840 - 3?
-67843
In base 12, what is 96747 + 1?
96748
In base 5, what is 1043100 + 2?
1043102
In base 3, what is -101000 + -1221?
-102221
In base 6, what is 1 - 21335434?
-21335433
In base 9, what is 1 + -1775?
-1774
In base 2, what is -11011001000 + -100111?
-11011101111
In base 10, what is -10968 - 3?
-10971
In base 7, what is 4522 + 234?
5056
In base 11, what is -1a - -3257?
3238
In base 2, what is -1010011 + -11000010000?
-11001100011
In base 8, what is 17430 - 401?
17027
In base 13, what is -307 - -1a31?
1727
In base 15, what is -5 + 3ddc?
3dd7
In base 6, what is -2024545 + -20?
-2025005
In base 10, what is 26 + 341?
367
In base 7, what is 12 - 3554?
-3542
In base 13, what is 78 + -1969b?
-19623
In base 13, what is -a46a + -21?
-a48b
In base 12, what is 139 + 38?
175
In base 3, what is 2210220 - -1000?
2211220
In base 2, what is -11 + 11111111111110010000?
11111111111110001101
In base 8, what is 200051 + 5?
200056
In base 3, what is -222 - 1002121?
-1010120
In base 12, what is 211b8 - -11?
21209
In base 14, what is 25d1 - 9?
25c6
In base 2, what is 111111110 - -10010?
1000010000
In base 16, what is -140aa9 - 3?
-140aac
In base 7, what is 4041335 - -10?
4041345
In base 11, what is 3923 + -1?
3922
In base 5, what is -3012242420 - 4?
-3012242424
In base 8, what is 11 - 320437?
-320426
In base 2, what is 10111100101 + 1111?
10111110100
In base 12, what is 5 - -45256?
4525b
In base 3, what is 102201212 + 22?
102202011
In base 11, what is -2 - 22459?
-22460
In base 7, what is -63 + -30?
-123
In base 14, what is -2 + -10c31?
-10c33
In base 2, what is 110 - -11100110101010000?
11100110101010110
In base 12, what is 3a + -20770?
-20732
In base 3, what is -1102011220102 - 11?
-1102011220120
In base 7, what is 151162 + -314?
150545
In base 16, what is 5 - 598b?
-5986
In base 8, what is -10 - -405302?
405272
In base 2, what is 10 + -1011011110010110?
-1011011110010100
In base 13, what is 5 - -44aa?
44b2
In base 11, what is 5a - -1297?
1346
In base 13, what is -1207 + 12?
-11c5
In base 11, what is 0 + -1346a?
-1346a
In base 15, what is 187356 + 0?
187356
In base 10, what is 280 + -29?
251
In base 10, what is 2435 - 1705?
730
In base 4, what is 132132 + 222?
133020
In base 16, what is -6 - -1329?
1323
In base 5, what is 20014 - 10103?
4411
In base 14, what is 11c + -1709?
-15cb
In base 13, what is 36 - -15386?
153bc
In base 2, what is 101 + -100011110001110000?
-100011110001101011
In base 7, what is 3 - -2010430?
2010433
In base 12, what is -5aa4 + 3?
-5aa1
In base 9, what is -12 + -236213?
-236225
In base 9, what is -45 - -110148?
110103
In base 2, what is -100000 + -10110111?
-11010111
In base 13, what is -26 - -c7?
a1
In base 14, what is 5 - -714?
719
In base 6, what is -30455 - 3343?
-34242
In base 14, what is -4 - 92972?
-92976
In base 2, what is 10001011111011 + 100?
10001011111111
In base 6, what is -4 - 552340?
-552344
In base 10, what is 72823 - 29?
72794
In base 11, what is -a22 - 2698?
-360a
In base 6, what is -132 + 13435?
13303
In base 10, what is -5789 + -205?
-5994
In base 7, what is 2 + -343514?
-343512
In base 15, what is d22e - 1?
d22d
In base 4, what is 2132 + 222013?
230211
In base 10, what is -20441 - 5?
-20446
In base 8, what is 3 - -25602?
25605
In base 12, what is 5 + 4a00?
4a05
In base 11, what is -22 + -118?
-13a
In base 8, what is -10 - 1566070?
-1566100
In base 16, what is -a0 - -10e?
6e
In base 10, what is -69511 + 1?
-69510
In base 5, what is 4 - -210324212?
210324221
In base 16, what is -11409 - -1?
-11408
In base 3, what is 101100 - -201011020?
201112120
In base 3, what is -12021 + -11112?
-100210
In base 11, what is -266a + 697?
-1a83
In base 5, what is -3012102 - 12?
-3012114
In base 7, what is -2022520 + -6?
-2022526
In base 6, what is 0 + -3421440?
-3421440
In base 4, what is -31001 + -1300?
-32301
In base 13, what is 14a + -21?
129
In base 10, what is -4020 - 45?
-4065
In base 5, what is 10 + -3142?
-3132
In base 11, what is -87 - 137?
-213
In base 8, what is 7 + 72013?
72022
In base 13, what is -5093 + 21?
-5072
In base 7, what is -132 + 3244?
3112
In base 11, what is 159 - 15?
144
In base 4, what is -130231313 + 23?
-130231230
In base 8, what is -21657 + 3?
-21654
In base 5, what is 30000 - -13?
30013
In base 13, what is 5 - -1039c?
103a4
In base 5, what is 2113 + -243312?
-241144
In base 2, what is 11101110 - -10010100100?
10110010010
In base 15, what is -56e1 + -25?
-5716
In base 7, what is 0 + 21626?
21626
In base 16, what is -35 - -12b?
f6
In base 12, what is 3742 - 196?
3568
In base 5, what is 0 + -34034?
-34034
In base 6, what is 3155252 + -5?
3155243
In base 8, what is -1 - 153554?
-153555
In base 5, what is -2241031 - -224?
-2240302
In base 5, what is -14 + -120001?
-120020
In base 16, what is 2 - -198fa?
198fc
In base 8, what is -3060 + -7?
-3067
In base 14, what is -3 + 160bc7?
160bc4
In base 14, what is 0 - -399b6?
399b6
In base 16, w